red thousands digit of 33643188?
6
What is the units digit of 821991613?
3
What is the hundreds digit of 869004233?
2
What is the hundreds digit of 200130629?
6
What is the tens digit of 182893853?
5
What is the hundred thousands digit of 30159139?
1
What is the millions digit of 262506785?
2
What is the tens digit of 46526239?
3
What is the ten millions digit of 404746588?
0
What is the hundreds digit of 562826203?
2
What is the tens digit of 208249976?
7
What is the ten thousands digit of 32225247?
2
What is the hundred thousands digit of 57779178?
7
What is the hundreds digit of 3982628?
6
What is the ten thousands digit of 482224920?
2
What is the hundred millions digit of 101150815?
1
What is the units digit of 43140379?
9
What is the units digit of 21812672?
2
What is the hundred millions digit of 4185951295?
1
What is the hundred millions digit of 758015387?
7
What is the hundreds digit of 59287100?
1
What is the tens digit of 90437752?
5
What is the hundred millions digit of 1800083193?
8
What is the millions digit of 33778630?
3
What is the ten millions digit of 121750207?
2
What is the hundreds digit of 5240851400?
4
What is the ten millions digit of 5206745031?
0
What is the units digit of 9852340?
0
What is the thousands digit of 99453009?
3
What is the thousands digit of 411759098?
9
What is the units digit of 3860761?
1
What is the hundreds digit of 4783221?
2
What is the millions digit of 103329880?
3
What is the units digit of 321988140?
0
What is the hundreds digit of 446271567?
5
What is the millions digit of 220957825?
0
What is the millions digit of 96718310?
6
What is the ten thousands digit of 219099924?
9
What is the thousands digit of 223706812?
6
What is the ten thousands digit of 35707290?
0
What is the billions digit of 4963542375?
4
What is the units digit of 101885187?
7
What is the units digit of 815777139?
9
What is the hundred millions digit of 291434712?
2
What is the thousands digit of 110157137?
7
What is the hundred millions digit of 885587138?
8
What is the ten millions digit of 206048995?
0
What is the tens digit of 3864716949?
4
What is the ten thousands digit of 177005414?
0
What is the ten thousands digit of 6928792?
2
What is the hundreds digit of 49751003?
0
What is the hundred millions digit of 1878874799?
8
What is the ten millions digit of 261858043?
6
What is the thousands digit of 2273131101?
1
What is the hundreds digit of 1217308952?
9
What is the hundred thousands digit of 40660779?
6
What is the ten thousands digit of 3856050899?
5
What is the hundred thousands digit of 2544456050?
4
What is the hundred thousands digit of 85531064?
5
What is the units digit of 21062911?
1
What is the billions digit of 3327048462?
3
What is the hundreds digit of 27403340?
3
What is the hundred thousands digit of 289776760?
7
What is the tens digit of 207728026?
2
What is the hundred thousands digit of 41689543?
6
What is the hundreds digit of 248635684?
6
What is the millions digit of 1643709534?
3
What is the hundreds digit of 1001224750?
7
What is the thousands digit of 121101846?
1
What is the hundreds digit of 786076805?
8
What is the ten thousands digit of 6476839849?
3
What is the hundred thousands digit of 2549104904?
1
What is the hundreds digit of 96521068?
0
What is the ten thousands digit of 1154903095?
0
What is the thousands digit of 16840164?
0
What is the millions digit of 69098166?
9
What is the ten thousands digit of 458323504?
2
What is the ten thousands digit of 59934626?
3
What is the hundred thousands digit of 256995168?
9
What is the millions digit of 547239264?
7
What is the units digit of 16326269?
9
What is the millions digit of 41288382?
1
What is the units digit of 49876620?
0
What is the tens digit of 637131824?
2
What is the millions digit of 69392302?
9
What is the thousands digit of 269773644?
3
What is the tens digit of 9206113?
1
What is the ten millions digit of 436715771?
3
What is the units digit of 29081676?
6
What is the ten thousands digit of 1378503523?
0
What is the millions digit of 291929972?
1
What is the hundreds digit of 42756030?
0
What is the tens digit of 105109385?
8
What is the hundred millions digit of 1908962971?
9
What is the millions digit of 348181819?
8
What is the ten millions digit of 654251690?
5
What is the hundred millions digit of 1318604334?
3
What is the ten thousands digit of 2296036345?
3
What is the millions digit of 319156555?
9
What is the thousands digit of 69850428?
0
What is the ten thousands digit of 220283934?
8
What is the tens digit of 4004705322?
2
What is the hundred millions digit of 359992032?
3
What is the millions digit of 632544193?
2
What is the hundred thousands digit of 555986145?
9
What is the ten thousands digit of 1611790731?
9
What is the units digit of 32480139?
9
What is the hundred thousands digit of 141233893?
2
What is the thousands digit of 19414415?
4
What is the hundred thousands digit of 433662851?
6
What is the tens digit of 458904926?
2
What is the hundred millions digit of 112267583?
1
What is the hundred thousands digit of 41153454?
1
What is the hundreds digit of 7912058722?
7
What is the millions digit of 682835758?
2
What is the ten millions digit of 26143352?
2
What is the tens digit of 15461196?
9
What is the hundred millions digit of 2254440607?
2
What is the tens digit of 480751271?
7
What is the units digit of 133796007?
7
What is the ten thousands digit of 120098463?
9
What is the hundred thousands digit of 561034574?
0
What is the hundreds digit of 529526063?
0
What is the units digit of 339541699?
9
What is the ten thousands digit of 625738501?
3
What is the hundreds digit of 4451076100?
1
What is the thousands digit of 77160632?
0
What is the hundred millions digit of 178824707?
1
What is the hundreds digit of 1352409567?
5
What is the units digit of 414703866?
6
What is the units digit of 170147291?
1
What is the thousands digit of 179002885?
2
What is the hundred thousands digit of 3875359014?
3
What is the millions digit of 138238741?
8
What is the tens digit of 554185059?
5
What is the hundreds digit of 379721071?
0
What is the hundreds digit of 1030066407?
4
What is the millions digit of 106180548?
6
What is the units digit of 177971420?
0
What is the hundred millions digit of 194015760?
1
What is the hundred millions digit of 4980734981?
9
What is the ten thousands digit of 701445145?
4
What is the ten millions digit of 182178887?
8
What is the units digit of 7749333?
3
What is the units digit of 204420753?
3
What is the hundreds digit of 13351671?
6
What is the ten thousands digit of 3906946363?
4
What is the hundred millions digit of 194417928?
1
What is the hundred thousands digit of 1089748920?
7
What is the thousands digit of 566247148?
7
What is the units digit of 32154561?
1
What is the hundreds digit of 77076229?
2
What is the hundred millions digit of 281777200?
2
What is the hundred thousands digit of 3792046755?
0
What is the millions digit of 154959399?
4
What is the hundred millions digit of 364125274?
3
What is the tens digit of 870567785?
8
What is the ten thousands digit of 165061151?
6
What is the millions digit of 22222791?
2
What is the hundreds digit of 1540272929?
9
What is the thousands digit of 330021444?
1
What is the units digit of 68525215?
5
What is the billions digit of 1320160570?
1
What is the ten millions digit of 455091633?
5
What is the tens digit of 43268448?
4
What is the units digit of 1257246889?
9
What is the hundred millions digit of 117578215?
1
What is the tens digit of 96331106?
0
What is the millions digit of 730981519?
0
What is the hundred thousands digit of 41486294?
4
What is the units digit of 30183174?
4
What is the ten thousands digit of 11930455?
3
What is the hundred thousands digit of 732835195?
8
What is the millions digit of 5444042922?
4
What is the hundred millions digit of 408773613?
4
What is the tens digit of 74123885?
8
What is the billions digit of 6173986032?
6
What is the hundred thousands digit of 124691338?
6
What is the ten millions digit of 225523020?
2
What is the ten millions digit of 57297021?
5
What is the millions digit of 22590783?
2
What is the hundred thousands digit of 1323409980?
4
What is the units digit of 